{"id":7,"date":"2025-03-30T19:13:24","date_gmt":"2025-03-30T19:13:24","guid":{"rendered":"https:\/\/presshaus.vivinu-agency.com\/?page_id=7"},"modified":"2025-07-28T10:31:18","modified_gmt":"2025-07-28T10:31:18","slug":"home","status":"publish","type":"page","link":"https:\/\/presshaus.vivinu-agency.com\/","title":{"rendered":"Kellergassen-Kultur"},"content":{"rendered":"\t\t<div data-elementor-type=\"wp-page\" data-elementor-id=\"7\" class=\"elementor elementor-7\">\n\t\t\t\t<div class=\"elementor-element elementor-element-b5f8e87 e-flex e-con-boxed e-con e-parent\" data-id=\"b5f8e87\" data-element_type=\"container\">\n\t\t\t\t\t<div class=\"e-con-inner\">\n\t\t\t\t<div class=\"elementor-element elementor-element-44180e4 elementor-widget elementor-widget-image\" data-id=\"44180e4\" data-element_type=\"widget\" data-widget_type=\"image.default\">\n\t\t\t\t<div class=\"elementor-widget-container\">\n\t\t\t\t\t\t\t\t\t\t\t\t\t\t\t<img fetchpriority=\"high\" decoding=\"async\" width=\"1024\" height=\"454\" src=\"https:\/\/presshaus.vivinu-agency.com\/wp-content\/uploads\/2025\/03\/Kellergasse-1024x454.jpg\" class=\"attachment-large size-large wp-image-19\" alt=\"Kellergasse Sch\u00f6ngrabern\" srcset=\"https:\/\/presshaus.vivinu-agency.com\/wp-content\/uploads\/2025\/03\/Kellergasse-1024x454.jpg 1024w, https:\/\/presshaus.vivinu-agency.com\/wp-content\/uploads\/2025\/03\/Kellergasse-300x133.jpg 300w, https:\/\/presshaus.vivinu-agency.com\/wp-content\/uploads\/2025\/03\/Kellergasse-768x341.jpg 768w, https:\/\/presshaus.vivinu-agency.com\/wp-content\/uploads\/2025\/03\/Kellergasse-1536x681.jpg 1536w, https:\/\/presshaus.vivinu-agency.com\/wp-content\/uploads\/2025\/03\/Kellergasse.jpg 2042w\" sizes=\"(max-width: 1024px) 100vw, 1024px\" \/>\t\t\t\t\t\t\t\t\t\t\t\t\t\t\t<\/div>\n\t\t\t\t<\/div>\n\t\t\t\t\t<\/div>\n\t\t\t\t<\/div>\n\t\t<div class=\"elementor-element elementor-element-9b4a432 e-flex e-con-boxed e-con e-parent\" data-id=\"9b4a432\" data-element_type=\"container\">\n\t\t\t\t\t<div class=\"e-con-inner\">\n\t\t\t\t<div class=\"elementor-element elementor-element-0591d90 elementor-widget elementor-widget-heading\" data-id=\"0591d90\" data-element_type=\"widget\" data-widget_type=\"heading.default\">\n\t\t\t\t<div class=\"elementor-widget-container\">\n\t\t\t\t\t<h2 class=\"elementor-heading-title elementor-size-default\">Kellergassen, Pressh\u00e4user und Kellergassen-Kultur<\/h2>\t\t\t\t<\/div>\n\t\t\t\t<\/div>\n\t\t\t\t\t<\/div>\n\t\t\t\t<\/div>\n\t\t<div class=\"elementor-element elementor-element-26964b1 e-flex e-con-boxed e-con e-parent\" data-id=\"26964b1\" data-element_type=\"container\">\n\t\t\t\t\t<div class=\"e-con-inner\">\n\t\t\t\t<div class=\"elementor-element elementor-element-48ceb56 elementor-widget elementor-widget-text-editor\" data-id=\"48ceb56\" data-element_type=\"widget\" data-widget_type=\"text-editor.default\">\n\t\t\t\t<div class=\"elementor-widget-container\">\n\t\t\t\t\t\t\t\t\t<p>Die Kellergassenkultur ist in ihrer urspr\u00fcnglichen Form nicht mehr vorhanden. Daf\u00fcr hat sich inzwischen aber eine neue, ganz andere Kellergassenkultur entwickelt.\u00a0<\/p><p>Urspr\u00fcnglich sa\u00dfen die K\u00f6llamauna (Kellerm\u00e4nner) abends vor den ge\u00f6ffneten T\u00fcren Ihrer Pressh\u00e4user und luden andere ein, mit ihnen gemeinsam den guten Tropfen eigenen Weines aus dem eigenen Keller zu verkosten. Diese Kultur gibt es heute nicht mehr. Der Wein wird heute nicht mehr in Pressh\u00e4usern produziert sondern in riesigen Nirosta-Tanks in irgendwelchen modern ausgestatteten Hallen.<\/p><p>Aber es entwickelt sich zur Zeit eine ganz neue Kellergassen-Kultur. Die alten Pressh\u00e4user in den alten Kellergassen &#8211; die heute ein Kulturdenkmal darstellen &#8211; werden immer h\u00e4ufiger von Menschen aus den gro\u00dfen St\u00e4dten gekauft, um darin dem stre\u00dfigen Alltag zu entfliehen. So bidet sich nach und nach eine Gemeinschaft von neuen, gleichgesinnten Presshauseigent\u00fcmern, die hierher kommen um zu chillen, und ein gutes Tr\u00f6pfchen aus der eigenen Kellerr\u00f6hre zu geniessen. Klarerweise sind das keine selbst produzierten Weine, sondern pers\u00f6nliche Sammlungen von guten Weinen, welche nicht nur aus der Region stammen, sondern von \u00fcberall her kommen.\u00a0<\/p><p>Pressh\u00e4user sind ein Kulturgut, welches es zu erhalten gilt. Das haben auch die Gemeinden erkannt. Und so werden die Fl\u00e4chen auf welchen sich die Pressh\u00e4user befinden nach und nach umgewidmet. Fr\u00fcher war die Widmung einfach nur &#8222;Kellergasse&#8220;. Heute wird nach und nach umgwidmet in &#8222;Bauland Sondergebiet Kellergasse.&#8220; Ist das nur tats\u00e4chlich eine Aufwertung? In Wirklichkeit nicht, aber das Finanzamt sieht es so um damit eine h\u00f6here ImmoESt kassieren zu k\u00f6nnen. In Wirklichkeit bedeutet diese Umwidmung dass nun auch ein Nicht-Landwirt bzw. Nicht-Winzer hier baulich t\u00e4tig werden kann. Das ist mitunter einen Notwendigkeit, wenn es darum geht die Kellergassen als Solches zu erhalten, wenn Winzer keine Verwendung mehr f\u00fcr ihre ausgedienten Pressh\u00e4user mehr haben und umgekehrt St\u00e4dter sehr wohl auch baulich in den Erhalt ihres erworbenen Presshauses investieren wollen. Klarerweise kann man hier nicht irgendwie bauen. Es muss der Charakter der Kellergasse als Kulturgut beibehalten werden.<\/p>\t\t\t\t\t\t\t\t<\/div>\n\t\t\t\t<\/div>\n\t\t\t\t\t<\/div>\n\t\t\t\t<\/div>\n\t\t<div class=\"elementor-element elementor-element-f2b8de8 e-flex e-con-boxed e-con e-parent\" data-id=\"f2b8de8\" data-element_type=\"container\">\n\t\t\t\t\t<div class=\"e-con-inner\">\n\t\t<div class=\"elementor-element elementor-element-4e2bbfd e-con-full e-flex e-con e-child\" data-id=\"4e2bbfd\" data-element_type=\"container\">\n\t\t\t\t<div class=\"elementor-element elementor-element-d1e39de elementor-widget elementor-widget-image\" data-id=\"d1e39de\" data-element_type=\"widget\" data-widget_type=\"image.default\">\n\t\t\t\t<div class=\"elementor-widget-container\">\n\t\t\t\t\t\t\t\t\t\t\t\t<figure class=\"wp-caption\">\n\t\t\t\t\t\t\t\t\t\t\t<a href=\"https:\/\/presshaus.vivinu-agency.com\/index.php\/stoitzendorf\/\">\n\t\t\t\t\t\t\t<img decoding=\"async\" width=\"1024\" height=\"816\" src=\"https:\/\/presshaus.vivinu-agency.com\/wp-content\/uploads\/2025\/04\/Kellergassen-Idylle-1024x816.jpg\" class=\"attachment-large size-large wp-image-187\" alt=\"\" srcset=\"https:\/\/presshaus.vivinu-agency.com\/wp-content\/uploads\/2025\/04\/Kellergassen-Idylle-1024x816.jpg 1024w, https:\/\/presshaus.vivinu-agency.com\/wp-content\/uploads\/2025\/04\/Kellergassen-Idylle-300x239.jpg 300w, https:\/\/presshaus.vivinu-agency.com\/wp-content\/uploads\/2025\/04\/Kellergassen-Idylle-768x612.jpg 768w, https:\/\/presshaus.vivinu-agency.com\/wp-content\/uploads\/2025\/04\/Kellergassen-Idylle-1536x1223.jpg 1536w, https:\/\/presshaus.vivinu-agency.com\/wp-content\/uploads\/2025\/04\/Kellergassen-Idylle.jpg 1582w\" sizes=\"(max-width: 1024px) 100vw, 1024px\" \/>\t\t\t\t\t\t\t\t<\/a>\n\t\t\t\t\t\t\t\t\t\t\t<figcaption class=\"widget-image-caption wp-caption-text\">Kellergassen_Idylle in Stoitzendorf<\/figcaption>\n\t\t\t\t\t\t\t\t\t\t<\/figure>\n\t\t\t\t\t\t\t\t\t<\/div>\n\t\t\t\t<\/div>\n\t\t\t\t<\/div>\n\t\t<div class=\"elementor-element elementor-element-993ec84 e-con-full e-flex e-con e-child\" data-id=\"993ec84\" data-element_type=\"container\">\n\t\t\t\t<div class=\"elementor-element elementor-element-06d4ebb elementor-widget elementor-widget-text-editor\" data-id=\"06d4ebb\" data-element_type=\"widget\" data-widget_type=\"text-editor.default\">\n\t\t\t\t<div class=\"elementor-widget-container\">\n\t\t\t\t\t\t\t\t\t<p>Als Liebhaber von alten <a href=\"https:\/\/presshaus.vivinu-agency.com\/index.php\/kellergassen\/\">Kellergassen<\/a> und von <a href=\"https:\/\/presshaus.vivinu-agency.com\/index.php\/presshaeuser\/\">Pressh\u00e4usern<\/a> und der dazu geh\u00f6renden alten Kellergassen-Kultur habe ich schon sehr viele Kellergassen besucht und es freut mich dich auf diesen Seiten durch die sch\u00f6nsten Kellergassen Nieder\u00f6sterreichs f\u00fchren zu d\u00fcrfen.<\/p><p>Mein Name ist Reinhard Greber. Ich bin kein Winzer, aber ich liebe die alte Kellerkultur mit den Geschichten der alten &#8222;K\u00f6llamauna&#8220; und alles was so dazu geh\u00f6rt.<\/p><p>Es hei\u00dft ja, dass jeder Mensch seinen eigenen &#8222;Vogel&#8220; h\u00e4tte. Bei mir ist es meine Liebe zu den alten Kellergassen und Pressh\u00e4usern. Ich mag es gar nicht alte Pressh\u00e4user ganz einfach verfallen zu sehen. <a href=\"https:\/\/vivinu-agency.com\" target=\"_blank\" rel=\"noopener\">Deshalb kaufe ich auch immer wieder alte, verwahrloste Pressh\u00e4user<\/a> um ihnen neues Leben einzuhauchen<\/p>\t\t\t\t\t\t\t\t<\/div>\n\t\t\t\t<\/div>\n\t\t\t\t<\/div>\n\t\t\t\t\t<\/div>\n\t\t\t\t<\/div>\n\t\t<div class=\"elementor-element elementor-element-8bd5173 e-flex e-con-boxed e-con e-parent\" data-id=\"8bd5173\" data-element_type=\"container\">\n\t\t\t\t\t<div class=\"e-con-inner\">\n\t\t\t\t<div class=\"elementor-element elementor-element-eaecadf elementor-widget-divider--view-line elementor-widget elementor-widget-divider\" data-id=\"eaecadf\" data-element_type=\"widget\" data-widget_type=\"divider.default\">\n\t\t\t\t<div class=\"elementor-widget-container\">\n\t\t\t\t\t\t\t<div class=\"elementor-divider\">\n\t\t\t<span class=\"elementor-divider-separator\">\n\t\t\t\t\t\t<\/span>\n\t\t<\/div>\n\t\t\t\t\t\t<\/div>\n\t\t\t\t<\/div>\n\t\t\t\t\t<\/div>\n\t\t\t\t<\/div>\n\t\t\t\t<\/div>\n\t\t","protected":false},"excerpt":{"rendered":"<p>Kellergassen, Pressh\u00e4user und Kellergassen-Kultur Die Kellergassenkultur ist in ihrer urspr\u00fcnglichen Form nicht mehr vorhanden. Daf\u00fcr hat sich inzwischen aber eine neue, ganz andere Kellergassenkultur entwickelt.\u00a0 Urspr\u00fcnglich sa\u00dfen die K\u00f6llamauna (Kellerm\u00e4nner) abends vor den ge\u00f6ffneten T\u00fcren Ihrer Pressh\u00e4user und luden andere ein, mit ihnen gemeinsam den guten Tropfen eigenen Weines aus dem eigenen Keller zu verkosten. &#8230; <a title=\"Kellergassen-Kultur\" class=\"read-more\" href=\"https:\/\/presshaus.vivinu-agency.com\/\" aria-label=\"Mehr Informationen \u00fcber Kellergassen-Kultur\">Weiterlesen<\/a><\/p>\n","protected":false},"author":1,"featured_media":0,"parent":0,"menu_order":0,"comment_status":"closed","ping_status":"closed","template":"elementor_header_footer","meta":{"footnotes":""},"class_list":["post-7","page","type-page","status-publish"],"_links":{"self":[{"href":"https:\/\/presshaus.vivinu-agency.com\/index.php\/wp-json\/wp\/v2\/pages\/7","targetHints":{"allow":["GET"]}}],"collection":[{"href":"https:\/\/presshaus.vivinu-agency.com\/index.php\/wp-json\/wp\/v2\/pages"}],"about":[{"href":"https:\/\/presshaus.vivinu-agency.com\/index.php\/wp-json\/wp\/v2\/types\/page"}],"author":[{"embeddable":true,"href":"https:\/\/presshaus.vivinu-agency.com\/index.php\/wp-json\/wp\/v2\/users\/1"}],"replies":[{"embeddable":true,"href":"https:\/\/presshaus.vivinu-agency.com\/index.php\/wp-json\/wp\/v2\/comments?post=7"}],"version-history":[{"count":53,"href":"https:\/\/presshaus.vivinu-agency.com\/index.php\/wp-json\/wp\/v2\/pages\/7\/revisions"}],"predecessor-version":[{"id":596,"href":"https:\/\/presshaus.vivinu-agency.com\/index.php\/wp-json\/wp\/v2\/pages\/7\/revisions\/596"}],"wp:attachment":[{"href":"https:\/\/presshaus.vivinu-agency.com\/index.php\/wp-json\/wp\/v2\/media?parent=7"}],"curies":[{"name":"wp","href":"https:\/\/api.w.org\/{rel}","templated":true}]}}